93?
3
What is the units digit of 10999165?
5
What is the hundreds digit of 1267793?
7
What is the ten thousands digit of 147201?
4
What is the ten millions digit of 10427107?
1
What is the tens digit of 17314553?
5
What is the hundred thousands digit of 317008?
3
What is the ten thousands digit of 230487?
3
What is the millions digit of 1795950?
1
What is the tens digit of 319637?
3
What is the hundreds digit of 2631852?
8
What is the thousands digit of 1959887?
9
What is the units digit of 64804?
4
What is the thousands digit of 147600?
7
What is the hundreds digit of 799904?
9
What is the ten thousands digit of 2437796?
3
What is the hundred thousands digit of 448742?
4
What is the ten thousands digit of 26099656?
9
What is the units digit of 28597585?
5
What is the units digit of 4426425?
5
What is the hundreds digit of 5512376?
3
What is the thousands digit of 2440422?
0
What is the hundreds digit of 9708414?
4
What is the units digit of 16535?
5
What is the hundreds digit of 167848?
8
What is the hundred thousands digit of 9800128?
8
What is the ten thousands digit of 547689?
4
What is the tens digit of 82503?
0
What is the hundred thousands digit of 159245?
1
What is the tens digit of 1236200?
0
What is the ten thousands digit of 25448340?
4
What is the tens digit of 2984389?
8
What is the hundreds digit of 277550?
5
What is the ten millions digit of 14344830?
1
What is the thousands digit of 590827?
0
What is the millions digit of 3304525?
3
What is the thousands digit of 1400186?
0
What is the units digit of 1620606?
6
What is the tens digit of 1652946?
4
What is the tens digit of 17002052?
5
What is the thousands digit of 21010942?
0
What is the units digit of 13669?
9
What is the hundred thousands digit of 292418?
2
What is the hundreds digit of 503319?
3
What is the ten thousands digit of 27447000?
4
What is the units digit of 7192?
2
What is the units digit of 2180?
0
What is the units digit of 29219?
9
What is the hundreds digit of 89163?
1
What is the units digit of 987150?
0
What is the tens digit of 7143789?
8
What is the hundreds digit of 433229?
2
What is the thousands digit of 20527053?
7
What is the hundreds digit of 110885?
8
What is the hundreds digit of 417395?
3
What is the hundred thousands digit of 233361?
2
What is the thousands digit of 7870515?
0
What is the thousands digit of 823250?
3
What is the millions digit of 4890997?
4
What is the millions digit of 3038341?
3
What is the hundreds digit of 229089?
0
What is the ten thousands digit of 5667307?
6
What is the units digit of 2599843?
3
What is the hundreds digit of 2099897?
8
What is the units digit of 191458?
8
What is the hundreds digit of 28887956?
9
What is the units digit of 494773?
3
What is the ten millions digit of 26000517?
2
What is the tens digit of 5710686?
8
What is the tens digit of 115815?
1
What is the hundreds digit of 284521?
5
What is the tens digit of 9927966?
6
What is the ten thousands digit of 237097?
3
What is the tens digit of 1925511?
1
What is the thousands digit of 2496100?
6
What is the ten thousands digit of 26497289?
9
What is the units digit of 3933259?
9
What is the hundred thousands digit of 5947494?
9
What is the ten thousands digit of 17759967?
5
What is the hundreds digit of 99415?
4
What is the millions digit of 35627122?
5
What is the tens digit of 250399?
9
What is the hundred thousands digit of 234396?
2
What is the ten thousands digit of 473991?
7
What is the tens digit of 3816723?
2
What is the thousands digit of 82393?
2
What is the millions digit of 1014887?
1
What is the hundred thousands digit of 345230?
3
What is the ten thousands digit of 789281?
8
What is the tens digit of 6946747?
4
What is the thousands digit of 943600?
3
What is the thousands digit of 4395973?
5
What is the hundreds digit of 16314449?
4
What is the tens digit of 206449?
4
What is the hundreds digit of 30251513?
5
What is the ten millions digit of 18260373?
1
What is the ten thousands digit of 21293379?
9
What is the hundred thousands digit of 231436?
2
What is the thousands digit of 90706?
0
What is the thousands digit of 9952093?
2
What is the tens digit of 61491?
9
What is the thousands digit of 1112333?
2
What is the units digit of 299203?
3
What is the units digit of 121118?
8
What is the hundreds digit of 561254?
2
What is the ten thousands digit of 30706333?
0
What is the hundreds digit of 391540?
5
What is the units digit of 513830?
0
What is the millions digit of 9088532?
9
What is the units digit of 18123042?
2
What is the hundreds digit of 3214868?
8
What is the thousands digit of 1092439?
2
What is the millions digit of 7060517?
7
What is the thousands digit of 378721?
8
What is the tens digit of 3337574?
7
What is the hundred thousands digit of 691057?
6
What is the thousands digit of 285563?
5
What is the hundreds digit of 261586?
5
What is the hundreds digit of 2295029?
0
What is the tens digit of 336674?
7
What is the tens digit of 492054?
5
What is the millions digit of 13945309?
3
What is the ten thousands digit of 4067687?
6
What is the hundreds digit of 14787914?
9
What is the hundred thousands digit of 9080790?
0
What is the units digit of 202221?
1
What is the ten thousands digit of 1278688?
7
What is the thousands digit of 1225033?
5
What is the hundreds digit of 2374778?
7
What is the units digit of 10135643?
3
What is the tens digit of 32328206?
0
What is the hundreds digit of 4356693?
6
What is the thousands digit of 75921?
5
What is the tens digit of 4800403?
0
What is the hundreds digit of 1711879?
8
What is the hundreds digit of 426487?
4
What is the ten thousands digit of 672930?
7
What is the tens digit of 122712?
1
What is the hundred thousands digit of 858682?
8
What is the units digit of 35820771?
1
What is the millions digit of 4777634?
4
What is the ten thousands digit of 36368562?
6
What is the thousands digit of 3165699?
5
What is the ten thousands digit of 112007?
1
What is the ten millions digit of 14881896?
1
What is the ten thousands digit of 550054?
5
What is the ten thousands digit of 3291040?
9
What is the hundred thousands digit of 437568?
4
What is the thousands digit of 17333371?
3
What is the tens digit of 133658?
5
What is the thousands digit of 26789441?
9
What is the tens digit of 461970?
7
What is the units digit of 4616737?
7
What is the tens digit of 16635098?
9
What is the hundred thousands digit of 989864?
9
What is the ten thousands digit of 40431?
4
What is the hundreds digit of 548329?
3
What is the hundred thousands digit of 2143341?
1
What is the hundred thousands digit of 6821652?
8
What is the ten thousands digit of 541593?
4
What is the millions digit of 6215973?
6
What is the tens digit of 133818?
1
What is the ten thousands digit of 212329?
1
What is the thousands digit of 11351474?
1
What is the units digit of 409123?
3
What is the thousands digit of 16082886?
2
What is the tens digit of 115944?
4
What is the thousands digit of 20691165?
1
What is the thousands digit of 429534?
9
What is the tens digit of 24877858?
5
What is the tens digit of 26036?
3
What is the tens digit of 2586295?
9
What is the hundred thousands digit of 7940609?
9
What is the ten thousands digit of 2867265?
6
What is the hundred thousands digit of 338145?
3
What is the ten millions digit of 16405934?
1
What is the hundreds digit of 166331?
3
What is the tens digit of 852880?
8
What is the thousands digit of 8984650?
4
What is the ten thousands digit of 217729?
1
What is the tens digit of 14607027?
2
What is the ten thousands digit of 216373?
1
What is the tens digit of 196002?
0
What is the tens digit of 3002743?
4
What is the tens digit of 460971?
7
What is the units digit of 6231622?
2
What is the ten thousands digit of 1194019?
9
What is the hundred thousands digit of 8360662?
3
What is the units digit of 46205?
5
What is the ten thousands digit of 388038?
8
What is the hundreds digit of 2522785?
7
What is the hundreds digit of 153669?
6
What is the units digit of 26602?
2
What is the tens digit of 790839?
3
What is the units digit of 1469561?
1
What is the hundred thousands digit of 8328375?
3
What is the units digit of 55571?
1
What is the thousands digit of 3048063?
8
What is the ten thousands 